git of 629434280?
4
What is the hundreds digit of 108768170?
1
What is the ten millions digit of 302004763?
0
What is the hundreds digit of 711049411?
4
What is the millions digit of 2190803767?
0
What is the units digit of 291275778?
8
What is the thousands digit of 546224194?
4
What is the units digit of 11752100?
0
What is the tens digit of 18136999?
9
What is the hundreds digit of 4182596341?
3
What is the hundred millions digit of 694541294?
6
What is the millions digit of 16226651?
6
What is the thousands digit of 2332475291?
5
What is the tens digit of 286433491?
9
What is the millions digit of 5620942285?
0
What is the hundred thousands digit of 623282500?
2
What is the millions digit of 967332501?
7
What is the hundred millions digit of 578711771?
5
What is the ten millions digit of 23024052?
2
What is the thousands digit of 81229194?
9
What is the ten thousands digit of 125778173?
7
What is the ten millions digit of 284756670?
8
What is the ten thousands digit of 158370540?
7
What is the millions digit of 273918466?
3
What is the hundred thousands digit of 47722806?
7
What is the units digit of 131978083?
3
What is the tens digit of 102727788?
8
What is the thousands digit of 51697454?
7
What is the units digit of 7178882?
2
What is the hundreds digit of 5040028573?
5
What is the tens digit of 440342806?
0
What is the tens digit of 6402168343?
4
What is the hundreds digit of 20282994?
9
What is the tens digit of 166764056?
5
What is the ten thousands digit of 1071233757?
3
What is the units digit of 506365567?
7
What is the thousands digit of 1233557097?
7
What is the tens digit of 267352117?
1
What is the millions digit of 1314670463?
4
What is the units digit of 831954395?
5
What is the hundred thousands digit of 2908533099?
5
What is the hundred thousands digit of 3094674230?
6
What is the thousands digit of 310743567?
3
What is the tens digit of 376594844?
4
What is the millions digit of 8078631514?
8
What is the hundreds digit of 203153006?
0
What is the units digit of 24123942?
2
What is the units digit of 44829654?
4
What is the hundred thousands digit of 15287491?
2
What is the units digit of 422992178?
8
What is the hundred thousands digit of 168564539?
5
What is the ten thousands digit of 140356479?
5
What is the hundreds digit of 5228105?
1
What is the hundred millions digit of 2392169146?
3
What is the units digit of 191628202?
2
What is the tens digit of 6235945?
4
What is the units digit of 902730206?
6
What is the tens digit of 3516320?
2
What is the ten millions digit of 97862774?
9
What is the billions digit of 1310435238?
1
What is the hundred thousands digit of 18004644?
0
What is the hundred millions digit of 1692844629?
6
What is the hundreds digit of 747581728?
7
What is the thousands digit of 860166568?
6
What is the tens digit of 2939093368?
6
What is the ten thousands digit of 143071053?
7
What is the hundred millions digit of 1203267019?
2
What is the ten millions digit of 3096912507?
9
What is the ten thousands digit of 16025804?
2
What is the millions digit of 39771118?
9
What is the ten thousands digit of 125068207?
6
What is the hundreds digit of 313956728?
7
What is the ten thousands digit of 491026810?
2
What is the hundred millions digit of 1815462337?
8
What is the tens digit of 78738059?
5
What is the hundred thousands digit of 499922225?
9
What is the hundred millions digit of 3890230460?
8
What is the tens digit of 318313520?
2
What is the tens digit of 141796612?
1
What is the thousands digit of 132650607?
0
What is the units digit of 703650920?
0
What is the hundred thousands digit of 85698032?
6
What is the hundred thousands digit of 65727530?
7
What is the tens digit of 193562430?
3
What is the hundred thousands digit of 185267095?
2
What is the millions digit of 45061778?
5
What is the millions digit of 5582016262?
2
What is the millions digit of 4064498148?
4
What is the billions digit of 1810371223?
1
What is the ten millions digit of 46532037?
4
What is the ten millions digit of 909942614?
0
What is the ten millions digit of 514913146?
1
What is the hundred thousands digit of 25826053?
8
What is the ten thousands digit of 116083152?
8
What is the hundred millions digit of 3173939750?
1
What is the ten thousands digit of 763211497?
1
What is the units digit of 10049158?
8
What is the units digit of 1727860983?
3
What is the thousands digit of 116233964?
3
What is the thousands digit of 429102023?
2
What is the hundred millions digit of 455704877?
4
What is the ten millions digit of 7660312414?
6
What is the thousands digit of 220581906?
1
What is the units digit of 65198702?
2
What is the units digit of 179238599?
9
What is the thousands digit of 1354415847?
5
What is the ten thousands digit of 453811780?
1
What is the hundred millions digit of 179667204?
1
What is the units digit of 6785648143?
3
What is the millions digit of 64379200?
4
What is the units digit of 2942672538?
8
What is the thousands digit of 36846590?
6
What is the ten millions digit of 178606971?
7
What is the thousands digit of 1426073438?
3
What is the billions digit of 1945243162?
1
What is the tens digit of 49362225?
2
What is the hundred thousands digit of 856284?
8
What is the tens digit of 37341637?
3
What is the hundred thousands digit of 2307687002?
6
What is the millions digit of 26564254?
6
What is the hundred thousands digit of 125204984?
2
What is the thousands digit of 164825220?
5
What is the ten millions digit of 4580467937?
8
What is the ten thousands digit of 97005672?
0
What is the billions digit of 1967214741?
1
What is the hundred millions digit of 5163581706?
1
What is the ten thousands digit of 2726062872?
6
What is the hundred millions digit of 3316831034?
3
What is the hundred thousands digit of 3782523?
7
What is the hundreds digit of 136466281?
2
What is the hundred millions digit of 1355548151?
3
What is the hundred thousands digit of 3484040436?
0
What is the tens digit of 58372871?
7
What is the units digit of 202189793?
3
What is the millions digit of 6552887?
6
What is the tens digit of 254096144?
4
What is the hundreds digit of 5541832586?
5
What is the units digit of 1031940561?
1
What is the units digit of 59471275?
5
What is the tens digit of 6770417007?
0
What is the units digit of 205730998?
8
What is the hundreds digit of 183970128?
1
What is the millions digit of 35741487?
5
What is the units digit of 87781914?
4
What is the ten millions digit of 17139012?
1
What is the millions digit of 902772092?
2
What is the hundred thousands digit of 1159263647?
2
What is the tens digit of 3475009476?
7
What is the thousands digit of 433133671?
3
What is the ten millions digit of 6852160408?
5
What is the tens digit of 2054203644?
4
What is the hundred thousands digit of 21464271?
4
What is the ten thousands digit of 48355383?
5
What is the ten millions digit of 3244038775?
4
What is the hundred millions digit of 1609869648?
6
What is the tens digit of 455662022?
2
What is the hundred millions digit of 990473572?
9
What is the units digit of 167172044?
4
What is the hundred thousands digit of 98294793?
2
What is the thousands digit of 2988879878?
9
What is the hundred thousands digit of 1935996756?
9
What is the units digit of 281204363?
3
What is the hundred thousands digit of 4062552?
0
What is the hundred millions digit of 743023962?
7
What is the ten thousands digit of 190829052?
2
What is the hundred thousands digit of 262199731?
1
What is the hundreds digit of 32307522?
5
What is the ten thousands digit of 1793751224?
5
What is the units digit of 305467904?
4
What is the tens digit of 300342376?
7
What is the ten millions digit of 3441362701?
4
What is the hundred thousands digit of 161921208?
9
What is the ten thousands digit of 2778906196?
0
What is the tens digit of 49201882?
8
What is the millions digit of 667123760?
7
What is the millions digit of 11851632?
1
What is the hundred thousands digit of 920965455?
9
What is the ten millions digit of 11904591?
1
What is the hundreds digit of 203692527?
5
What is the hundred thousands digit of 44202011?
2
What is the millions digit of 2949509859?
9
What is the units digit of 778383432?
2
What is the units digit of 67299924?
4
What is th